{"id":827,"date":"2021-06-22T09:11:49","date_gmt":"2021-06-22T08:11:49","guid":{"rendered":"http:\/\/mix-formation.fr\/?page_id=827"},"modified":"2021-06-22T09:13:24","modified_gmt":"2021-06-22T08:13:24","slug":"challenge-76a","status":"publish","type":"page","link":"http:\/\/mix-formation.fr\/index.php\/challenge-76a\/","title":{"rendered":"Mouais&#8230;"},"content":{"rendered":"<div class=\"wpb-content-wrapper\"><div itemprop = 'articleBody'>[vc_row][vc_column][vc_column_text]\n<p class=\"has-text-align-center\">C&#8217;est pas l&#8217;id\u00e9e du si\u00e8cle mais il suffit de suivre la notice apr\u00e8s tout&#8230;<\/p>\n[\/vc_column_text][vc_btn title=&#8221;Une fois pos\u00e9, vous l&#8217;envoyez \u00e0 la rencontre des secours &#8221; color=&#8221;success&#8221; align=&#8221;center&#8221; link=&#8221;url:http%3A%2F%2Fmix-formation.fr%2Findex.php%2Fchallenge-78a%2F|title:challenge%2078a|&#8221;][vc_btn title=&#8221;Une fois pos\u00e9, vous l&#8217;envoyez prendre un caf\u00e9&#8221; color=&#8221;success&#8221; align=&#8221;center&#8221; link=&#8221;url:http%3A%2F%2Fmix-formation.fr%2Findex.php%2Fchallenge-79a%2F|title:challenge%2079a|&#8221;][\/vc_column][\/vc_row]<\/div><\/div>","protected":false},"excerpt":{"rendered":"<p>[vc_row][vc_column][vc_column_text] C&#8217;est pas l&#8217;id\u00e9e du si\u00e8cle mais il suffit de suivre la notice apr\u00e8s tout&#8230; [\/vc_column_text][vc_btn title=&#8221;Une fois pos\u00e9, vous l&#8217;envoyez \u00e0 la rencontre des secours &#8221; color=&#8221;success&#8221; align=&#8221;center&#8221; link=&#8221;url:http%3A%2F%2Fmix-formation.fr%2Findex.php%2Fchallenge-78a%2F|title:challenge%2078a|&#8221;][vc_btn title=&#8221;Une fois pos\u00e9, vous l&#8217;envoyez prendre un caf\u00e9&#8221; color=&#8221;success&#8221; align=&#8221;center&#8221; link=&#8221;url:http%3A%2F%2Fmix-formation.fr%2Findex.php%2Fchallenge-79a%2F|title:challenge%2079a|&#8221;][\/vc_column][\/vc_row]<\/p>\n","protected":false},"author":1,"featured_media":0,"parent":0,"menu_order":0,"comment_status":"closed","ping_status":"closed","template":"","meta":{"footnotes":""},"class_list":["post-827","page","type-page","status-publish","hentry"],"_links":{"self":[{"href":"http:\/\/mix-formation.fr\/index.php\/wp-json\/wp\/v2\/pages\/827","targetHints":{"allow":["GET"]}}],"collection":[{"href":"http:\/\/mix-formation.fr\/index.php\/wp-json\/wp\/v2\/pages"}],"about":[{"href":"http:\/\/mix-formation.fr\/index.php\/wp-json\/wp\/v2\/types\/page"}],"author":[{"embeddable":true,"href":"http:\/\/mix-formation.fr\/index.php\/wp-json\/wp\/v2\/users\/1"}],"replies":[{"embeddable":true,"href":"http:\/\/mix-formation.fr\/index.php\/wp-json\/wp\/v2\/comments?post=827"}],"version-history":[{"count":2,"href":"http:\/\/mix-formation.fr\/index.php\/wp-json\/wp\/v2\/pages\/827\/revisions"}],"predecessor-version":[{"id":830,"href":"http:\/\/mix-formation.fr\/index.php\/wp-json\/wp\/v2\/pages\/827\/revisions\/830"}],"wp:attachment":[{"href":"http:\/\/mix-formation.fr\/index.php\/wp-json\/wp\/v2\/media?parent=827"}],"curies":[{"name":"wp","href":"https:\/\/api.w.org\/{rel}","templated":true}]}}