{"id":401,"date":"2021-03-04T19:06:08","date_gmt":"2021-03-04T18:06:08","guid":{"rendered":"http:\/\/mix-formation.fr\/?page_id=401"},"modified":"2021-06-25T13:19:44","modified_gmt":"2021-06-25T12:19:44","slug":"situation-16","status":"publish","type":"page","link":"http:\/\/mix-formation.fr\/index.php\/situation-16\/","title":{"rendered":"Situation 16"},"content":{"rendered":"<div class=\"wpb-content-wrapper\"><div itemprop = 'articleBody'>[vc_row][vc_column][vc_column_text]<p><\/p>\n<p style=\"text-align: center;\">Mme N., 75 ans d\u00e9veloppe une scl\u00e9rose en plaque. Elle mesure 1,70m et p\u00e8se 60 kg. Son \u00e9tat de sant\u00e9 varie chaque jour selon sa fatigue. Ses appareils auditifs sont sur sa table de lit.<\/p>\n<p style=\"text-align: center;\"><\/p>\n<p style=\"text-align: center;\"><\/p>\n<p style=\"text-align: center;\">Elle est allong\u00e9e dans son lit m\u00e9dicalis\u00e9 et veut aller dans son fauteuil roulant manuel. Aujourd\u2019hui, elle se sent faible.<\/p>\n<p style=\"text-align: center;\"><\/p>\n<p style=\"text-align: center;\"><\/p>\n<p style=\"text-align: center;\">Elle dispose d\u2019un guidon Tina et d\u2019un soul\u00e8ve-personne \u00e0 son domicile.<\/p>\n<p style=\"text-align: center;\"><\/p>\n<p style=\"text-align: center;\"><\/p>\n<p style=\"text-align: center;\">Vous devez l\u2019accompagner dans son transfert sur son fauteuil roulant manuel.<\/p>\n<p><\/p>\n<p><\/p>\n<p><\/p>[\/vc_column_text][\/vc_column][\/vc_row]<\/div><\/div>","protected":false},"excerpt":{"rendered":"<p>[vc_row][vc_column][vc_column_text] Mme N., 75 ans d\u00e9veloppe une scl\u00e9rose en plaque. Elle mesure 1,70m et p\u00e8se 60 kg. Son \u00e9tat de sant\u00e9 varie chaque jour selon sa fatigue. Ses appareils auditifs sont sur sa table de lit. Elle est allong\u00e9e dans son lit m\u00e9dicalis\u00e9 et veut aller dans son fauteuil roulant manuel. Aujourd\u2019hui, elle se sent [&hellip;]<\/p>\n","protected":false},"author":1,"featured_media":0,"parent":0,"menu_order":0,"comment_status":"closed","ping_status":"closed","template":"","meta":{"footnotes":""},"class_list":["post-401","page","type-page","status-publish","hentry"],"_links":{"self":[{"href":"http:\/\/mix-formation.fr\/index.php\/wp-json\/wp\/v2\/pages\/401","targetHints":{"allow":["GET"]}}],"collection":[{"href":"http:\/\/mix-formation.fr\/index.php\/wp-json\/wp\/v2\/pages"}],"about":[{"href":"http:\/\/mix-formation.fr\/index.php\/wp-json\/wp\/v2\/types\/page"}],"author":[{"embeddable":true,"href":"http:\/\/mix-formation.fr\/index.php\/wp-json\/wp\/v2\/users\/1"}],"replies":[{"embeddable":true,"href":"http:\/\/mix-formation.fr\/index.php\/wp-json\/wp\/v2\/comments?post=401"}],"version-history":[{"count":2,"href":"http:\/\/mix-formation.fr\/index.php\/wp-json\/wp\/v2\/pages\/401\/revisions"}],"predecessor-version":[{"id":1450,"href":"http:\/\/mix-formation.fr\/index.php\/wp-json\/wp\/v2\/pages\/401\/revisions\/1450"}],"wp:attachment":[{"href":"http:\/\/mix-formation.fr\/index.php\/wp-json\/wp\/v2\/media?parent=401"}],"curies":[{"name":"wp","href":"https:\/\/api.w.org\/{rel}","templated":true}]}}