{"id":389,"date":"2021-03-04T18:58:41","date_gmt":"2021-03-04T17:58:41","guid":{"rendered":"http:\/\/mix-formation.fr\/?page_id=389"},"modified":"2021-06-25T13:23:00","modified_gmt":"2021-06-25T12:23:00","slug":"situation-111","status":"publish","type":"page","link":"http:\/\/mix-formation.fr\/index.php\/situation-111\/","title":{"rendered":"Situation 111"},"content":{"rendered":"<div itemprop = 'articleBody'>\n<p>Mr B est hospitalis\u00e9 en SSR \u00e0 la suite d\u2019un AVC dont les s\u00e9quelles s\u2019observent sur son h\u00e9mi corps droit.<\/p>\n\n\n\n<p>Il a un appui pr\u00e9caire sur son membre inf\u00e9rieur droit.<\/p>\n\n\n\n<p>Son membre sup\u00e9rieur n\u2019est pas fonctionnel.<\/p>\n\n\n\n<p>Il a un trouble de la compr\u00e9hension et d\u2019expression orale.<\/p>\n\n\n\n<p>Nous sommes le soir et il faut le recoucher<\/p>\n<\/div>","protected":false},"excerpt":{"rendered":"<p>Mr B est hospitalis\u00e9 en SSR \u00e0 la suite d\u2019un AVC dont les s\u00e9quelles s\u2019observent sur son h\u00e9mi corps droit. Il a un appui pr\u00e9caire sur son membre inf\u00e9rieur droit. Son membre sup\u00e9rieur n\u2019est pas fonctionnel. Il a un trouble de la compr\u00e9hension et d\u2019expression orale. Nous sommes le soir et il faut le recoucher<\/p>\n","protected":false},"author":1,"featured_media":0,"parent":0,"menu_order":0,"comment_status":"closed","ping_status":"closed","template":"","meta":{"footnotes":""},"class_list":["post-389","page","type-page","status-publish","hentry"],"_links":{"self":[{"href":"http:\/\/mix-formation.fr\/index.php\/wp-json\/wp\/v2\/pages\/389","targetHints":{"allow":["GET"]}}],"collection":[{"href":"http:\/\/mix-formation.fr\/index.php\/wp-json\/wp\/v2\/pages"}],"about":[{"href":"http:\/\/mix-formation.fr\/index.php\/wp-json\/wp\/v2\/types\/page"}],"author":[{"embeddable":true,"href":"http:\/\/mix-formation.fr\/index.php\/wp-json\/wp\/v2\/users\/1"}],"replies":[{"embeddable":true,"href":"http:\/\/mix-formation.fr\/index.php\/wp-json\/wp\/v2\/comments?post=389"}],"version-history":[{"count":2,"href":"http:\/\/mix-formation.fr\/index.php\/wp-json\/wp\/v2\/pages\/389\/revisions"}],"predecessor-version":[{"id":1452,"href":"http:\/\/mix-formation.fr\/index.php\/wp-json\/wp\/v2\/pages\/389\/revisions\/1452"}],"wp:attachment":[{"href":"http:\/\/mix-formation.fr\/index.php\/wp-json\/wp\/v2\/media?parent=389"}],"curies":[{"name":"wp","href":"https:\/\/api.w.org\/{rel}","templated":true}]}}