{"id":1719,"date":"2022-11-21T10:54:13","date_gmt":"2022-11-21T09:54:13","guid":{"rendered":"http:\/\/mix-formation.fr\/?page_id=1719"},"modified":"2022-12-05T15:48:23","modified_gmt":"2022-12-05T14:48:23","slug":"formation-previsionnel","status":"publish","type":"page","link":"http:\/\/mix-formation.fr\/index.php\/formation-previsionnel\/","title":{"rendered":"R\u00e9aliser son pr\u00e9visionnel"},"content":{"rendered":"<div class=\"wpb-content-wrapper\"><div itemprop = 'articleBody'><p>[vc_row][vc_column width=&#8221;1\/2&#8243;][vc_column_text]<strong>Objectifs p\u00e9dagogiques : <\/strong>Faire et suivre son pr\u00e9visionnel de gestion<\/p>\n<p><strong>Modalit\u00e9s de la formation\u00a0:\u00a0<\/strong>Supports p\u00e9dagogiques, apports th\u00e9oriques, exercices appliqu\u00e9s, mise en pratique<\/p>\n<p><strong>Comp\u00e9tences vis\u00e9es\u00a0:<\/strong><\/p>\n<ul>\n<li><strong>\u00catre\u00a0capable de lister toutes ses charges<\/strong><\/li>\n<li><strong>\u00catre\u00a0capable de r\u00e9aliser son pr\u00e9visionnel de gestion<\/strong><\/li>\n<li><strong>\u00catre capable d\u2019analyser son pr\u00e9visionnel de gestion<\/strong><\/li>\n<\/ul>\n<p><strong>Programme de la formation\u00a0:<\/strong><\/p>\n<ul>\n<li>\n<ul>\n<li>L\u2019optimisation des d\u00e9penses<\/li>\n<li>Le budget pr\u00e9visionnel<\/li>\n<li>Le contr\u00f4le budg\u00e9taire<\/li>\n<\/ul>\n<\/li>\n<\/ul>\n<p><strong>Dur\u00e9e de la formation\u00a0<\/strong><strong>:<\/strong> La formation se d\u00e9roule en inter sur <strong>3 journ\u00e9es<\/strong> de 7h (9h \u2013 12h30 et 13h30 \u2013 17h) en pr\u00e9sentiel avec des pauses de 15 minutes le matin et l\u2019apr\u00e8s-midi.<\/p>\n<p><strong>Public vis\u00e9\u00a0:<\/strong> Toute personne issue d\u2019une TPE souhaitant r\u00e9aliser et suivre son pr\u00e9visionnel de gestion<\/p>\n<p><strong>Effectif de la formation\u00a0:\u00a0<\/strong>4 \u00e0 8 stagiaires par session<\/p>\n<p><strong>Pr\u00e9requis :\u00a0<\/strong><\/p>\n<ul>\n<li>Savoir utiliser les tableaux et les formules de calculs sous EXCEL<\/li>\n<li>Connaitre ses diff\u00e9rentes charges<\/li>\n<\/ul>\n<p><strong>D\u00e9lais d\u2019acc\u00e8s<\/strong>\u00a0: Sur devis, signature de la convention minimum 3 semaines avant le d\u00e9but de la formation<\/p>\n<p><strong>Accessibilit\u00e9 aux personnes handicap\u00e9es<\/strong>\u00a0: Les personnes en situation de handicap sont invit\u00e9es \u00e0 se faire connaitre aupr\u00e8s du r\u00e9f\u00e9rent handicap pour la mise en place des adaptations n\u00e9cessaires.<\/p>\n<p><strong>Tarif : En inter, 375 euros par stagiaire. En intra, nous contacter<\/strong><\/p>\n<p><strong>Contact :<\/strong>\u00a0<a href=\"http:\/\/www.mix-formation.fr\/\">Formulaire<\/a>\u00a0en base de page d\u2019accueil[\/vc_column_text][\/vc_column][vc_column width=&#8221;1\/2&#8243;][vc_single_image image=&#8221;1737&#8243; img_size=&#8221;full&#8221;][vc_single_image image=&#8221;1738&#8243; img_size=&#8221;full&#8221;][\/vc_column][\/vc_row]<\/p>\n<\/div><\/div>","protected":false},"excerpt":{"rendered":"<p>[vc_row][vc_column width=&#8221;1\/2&#8243;][vc_column_text]Objectifs p\u00e9dagogiques : Faire et suivre son pr\u00e9visionnel de gestion Modalit\u00e9s de la formation\u00a0:\u00a0Supports p\u00e9dagogiques, apports th\u00e9oriques, exercices appliqu\u00e9s, mise en pratique Comp\u00e9tences vis\u00e9es\u00a0: \u00catre\u00a0capable de lister toutes ses charges \u00catre\u00a0capable de r\u00e9aliser son pr\u00e9visionnel de gestion \u00catre capable d\u2019analyser son pr\u00e9visionnel de gestion Programme de la formation\u00a0: L\u2019optimisation des d\u00e9penses Le budget pr\u00e9visionnel [&hellip;]<\/p>\n","protected":false},"author":1,"featured_media":0,"parent":0,"menu_order":0,"comment_status":"closed","ping_status":"closed","template":"","meta":{"footnotes":""},"class_list":["post-1719","page","type-page","status-publish","hentry"],"_links":{"self":[{"href":"http:\/\/mix-formation.fr\/index.php\/wp-json\/wp\/v2\/pages\/1719","targetHints":{"allow":["GET"]}}],"collection":[{"href":"http:\/\/mix-formation.fr\/index.php\/wp-json\/wp\/v2\/pages"}],"about":[{"href":"http:\/\/mix-formation.fr\/index.php\/wp-json\/wp\/v2\/types\/page"}],"author":[{"embeddable":true,"href":"http:\/\/mix-formation.fr\/index.php\/wp-json\/wp\/v2\/users\/1"}],"replies":[{"embeddable":true,"href":"http:\/\/mix-formation.fr\/index.php\/wp-json\/wp\/v2\/comments?post=1719"}],"version-history":[{"count":2,"href":"http:\/\/mix-formation.fr\/index.php\/wp-json\/wp\/v2\/pages\/1719\/revisions"}],"predecessor-version":[{"id":1739,"href":"http:\/\/mix-formation.fr\/index.php\/wp-json\/wp\/v2\/pages\/1719\/revisions\/1739"}],"wp:attachment":[{"href":"http:\/\/mix-formation.fr\/index.php\/wp-json\/wp\/v2\/media?parent=1719"}],"curies":[{"name":"wp","href":"https:\/\/api.w.org\/{rel}","templated":true}]}}