{"id":1638,"date":"2022-06-23T15:35:16","date_gmt":"2022-06-23T14:35:16","guid":{"rendered":"http:\/\/mix-formation.fr\/?page_id=1638"},"modified":"2022-06-23T15:35:17","modified_gmt":"2022-06-23T14:35:17","slug":"ibc-2","status":"publish","type":"page","link":"http:\/\/mix-formation.fr\/index.php\/ibc-2\/","title":{"rendered":"Situation IBC 2"},"content":{"rendered":"<div itemprop = 'articleBody'>\n<p>Jacques a 57 ans et est pr\u00e9parateur depuis 22 ans au poste charcuterie de son entreprise. Il a pour mission de pr\u00e9parer les colis de viande dans la chambre froide.<\/p>\n\n\n\n<p>Celle-ci est assez exigu\u00eb et l&#8217;ambiance thermique est de 4\u00b0C.<\/p>\n\n\n\n<p>Pour travailler, Jacques dispose d&#8217;un transpalette manuel et d&#8217;un gerbeur quand celui-ci est disponible. <\/p>\n\n\n\n<p>Une de ses t\u00e2ches consiste \u00e0 d\u00e9placer les bacs de viande de 80 Kg de la palette sur laquelle ils sont livr\u00e9s au plan de travail o\u00f9 ils sont stock\u00e9s. Ce plan de travail est en r\u00e9alit\u00e9 3 palettes empil\u00e9es pour \u00eatre \u00e0 hauteur et ne pas se baisser \u00e0 chaque fois.<\/p>\n\n\n\n<p>Quand Jacques a le gerbeur, il met les bacs \u00e0 hauteur de son plan de travail et fait glisser le bac. <\/p>\n\n\n\n<p>Quand le gerbeur est pris, il tire le bac jusqu&#8217;au bord des palettes puis le soul\u00e8ve en diagonale puis le pousse sur le plan de travail en le faisant glisser.<\/p>\n<\/div>","protected":false},"excerpt":{"rendered":"<p>Jacques a 57 ans et est pr\u00e9parateur depuis 22 ans au poste charcuterie de son entreprise. Il a pour mission de pr\u00e9parer les colis de viande dans la chambre froide. Celle-ci est assez exigu\u00eb et l&#8217;ambiance thermique est de 4\u00b0C. Pour travailler, Jacques dispose d&#8217;un transpalette manuel et d&#8217;un gerbeur quand celui-ci est disponible. Une [&hellip;]<\/p>\n","protected":false},"author":1,"featured_media":0,"parent":0,"menu_order":0,"comment_status":"closed","ping_status":"closed","template":"","meta":{"footnotes":""},"class_list":["post-1638","page","type-page","status-publish","hentry"],"_links":{"self":[{"href":"http:\/\/mix-formation.fr\/index.php\/wp-json\/wp\/v2\/pages\/1638","targetHints":{"allow":["GET"]}}],"collection":[{"href":"http:\/\/mix-formation.fr\/index.php\/wp-json\/wp\/v2\/pages"}],"about":[{"href":"http:\/\/mix-formation.fr\/index.php\/wp-json\/wp\/v2\/types\/page"}],"author":[{"embeddable":true,"href":"http:\/\/mix-formation.fr\/index.php\/wp-json\/wp\/v2\/users\/1"}],"replies":[{"embeddable":true,"href":"http:\/\/mix-formation.fr\/index.php\/wp-json\/wp\/v2\/comments?post=1638"}],"version-history":[{"count":1,"href":"http:\/\/mix-formation.fr\/index.php\/wp-json\/wp\/v2\/pages\/1638\/revisions"}],"predecessor-version":[{"id":1639,"href":"http:\/\/mix-formation.fr\/index.php\/wp-json\/wp\/v2\/pages\/1638\/revisions\/1639"}],"wp:attachment":[{"href":"http:\/\/mix-formation.fr\/index.php\/wp-json\/wp\/v2\/media?parent=1638"}],"curies":[{"name":"wp","href":"https:\/\/api.w.org\/{rel}","templated":true}]}}