{"id":1634,"date":"2022-06-23T15:25:21","date_gmt":"2022-06-23T14:25:21","guid":{"rendered":"http:\/\/mix-formation.fr\/?page_id=1634"},"modified":"2022-06-23T15:26:17","modified_gmt":"2022-06-23T14:26:17","slug":"ibc-1","status":"publish","type":"page","link":"http:\/\/mix-formation.fr\/index.php\/ibc-1\/","title":{"rendered":"Situation IBC 1"},"content":{"rendered":"<div class=\"wpb-content-wrapper\"><div itemprop = 'articleBody'><p>[vc_row][vc_column][vc_column_text]Luc est chauffeur Livreur depuis 20 ans pour la m\u00eame entreprise. A 46 ans, il a souvent mal au dos. A l&#8217;aide de son camion, d&#8217;un diable et d&#8217;un transpalette manuel, il livre des palettes de marchandises \u00e0 ses clients de 6h \u00e0 13h environ.<\/p>\n<p>Un de ses clients r\u00e9currents lui pose des difficult\u00e9s d&#8217;acc\u00e8s pour la livraison.<\/p>\n<p>En effet, Luc doit se garer sur la chauss\u00e9e car il n&#8217;y a pas de place d\u00e9di\u00e9e \u00e0 la livraison. Ensuite, il doit parcourir 100m de sol gravillonn\u00e9 parsem\u00e9 de trous avec la palette pour atteindre l&#8217;entr\u00e9e du local.<\/p>\n<p>Du coup, il force sur ses bras et son dos pour pousser le transpalette sur le sol.[\/vc_column_text][\/vc_column][\/vc_row]<\/p>\n<\/div><\/div>","protected":false},"excerpt":{"rendered":"<p>[vc_row][vc_column][vc_column_text]Luc est chauffeur Livreur depuis 20 ans pour la m\u00eame entreprise. A 46 ans, il a souvent mal au dos. A l&#8217;aide de son camion, d&#8217;un diable et d&#8217;un transpalette manuel, il livre des palettes de marchandises \u00e0 ses clients de 6h \u00e0 13h environ. Un de ses clients r\u00e9currents lui pose des difficult\u00e9s d&#8217;acc\u00e8s [&hellip;]<\/p>\n","protected":false},"author":1,"featured_media":0,"parent":0,"menu_order":0,"comment_status":"closed","ping_status":"closed","template":"","meta":{"footnotes":""},"class_list":["post-1634","page","type-page","status-publish","hentry"],"_links":{"self":[{"href":"http:\/\/mix-formation.fr\/index.php\/wp-json\/wp\/v2\/pages\/1634","targetHints":{"allow":["GET"]}}],"collection":[{"href":"http:\/\/mix-formation.fr\/index.php\/wp-json\/wp\/v2\/pages"}],"about":[{"href":"http:\/\/mix-formation.fr\/index.php\/wp-json\/wp\/v2\/types\/page"}],"author":[{"embeddable":true,"href":"http:\/\/mix-formation.fr\/index.php\/wp-json\/wp\/v2\/users\/1"}],"replies":[{"embeddable":true,"href":"http:\/\/mix-formation.fr\/index.php\/wp-json\/wp\/v2\/comments?post=1634"}],"version-history":[{"count":3,"href":"http:\/\/mix-formation.fr\/index.php\/wp-json\/wp\/v2\/pages\/1634\/revisions"}],"predecessor-version":[{"id":1637,"href":"http:\/\/mix-formation.fr\/index.php\/wp-json\/wp\/v2\/pages\/1634\/revisions\/1637"}],"wp:attachment":[{"href":"http:\/\/mix-formation.fr\/index.php\/wp-json\/wp\/v2\/media?parent=1634"}],"curies":[{"name":"wp","href":"https:\/\/api.w.org\/{rel}","templated":true}]}}