{"id":1287,"date":"2021-06-23T15:48:02","date_gmt":"2021-06-23T14:48:02","guid":{"rendered":"http:\/\/mix-formation.fr\/?page_id=1287"},"modified":"2021-06-23T15:48:03","modified_gmt":"2021-06-23T14:48:03","slug":"challenge-138b","status":"publish","type":"page","link":"http:\/\/mix-formation.fr\/index.php\/challenge-138b\/","title":{"rendered":"Bon choix !"},"content":{"rendered":"<div itemprop = 'articleBody'>\n<p class=\"has-text-align-center\">L\u2019eau ti\u00e8de ou temp\u00e9r\u00e9e refroidit sans entrainer d\u2019hypothermie !<\/p>\n\n\n\n<p class=\"has-text-align-center\">La victime peut ensuite \u00eatre install\u00e9e en position assise ou allong\u00e9e selon son confort !<\/p>\n\n\n\n<p>[vc_btn title=&#8221;Vous appelez les secours&#8221; color=&#8221;success&#8221; align=&#8221;center&#8221; link=&#8221;url:http%3A%2F%2Fmix-formation.fr%2Findex.php%2Fchallenge-24b%2F|title:challenge%2024b|&#8221;][vc_btn title=&#8221;Vous apportez une couverture \u00e0 la victime&#8221; color=&#8221;success&#8221; align=&#8221;center&#8221; link=&#8221;url:http%3A%2F%2Fmix-formation.fr%2Findex.php%2Fchallenge-25b%2F|title:challenge%2025b|&#8221;]<\/p>\n<\/div>","protected":false},"excerpt":{"rendered":"<p>L\u2019eau ti\u00e8de ou temp\u00e9r\u00e9e refroidit sans entrainer d\u2019hypothermie ! La victime peut ensuite \u00eatre install\u00e9e en position assise ou allong\u00e9e selon son confort ! [vc_btn title=&#8221;Vous appelez les secours&#8221; color=&#8221;success&#8221; align=&#8221;center&#8221; link=&#8221;url:http%3A%2F%2Fmix-formation.fr%2Findex.php%2Fchallenge-24b%2F|title:challenge%2024b|&#8221;][vc_btn title=&#8221;Vous apportez une couverture \u00e0 la victime&#8221; color=&#8221;success&#8221; align=&#8221;center&#8221; link=&#8221;url:http%3A%2F%2Fmix-formation.fr%2Findex.php%2Fchallenge-25b%2F|title:challenge%2025b|&#8221;]<\/p>\n","protected":false},"author":1,"featured_media":0,"parent":0,"menu_order":0,"comment_status":"closed","ping_status":"closed","template":"","meta":{"footnotes":""},"class_list":["post-1287","page","type-page","status-publish","hentry"],"_links":{"self":[{"href":"http:\/\/mix-formation.fr\/index.php\/wp-json\/wp\/v2\/pages\/1287","targetHints":{"allow":["GET"]}}],"collection":[{"href":"http:\/\/mix-formation.fr\/index.php\/wp-json\/wp\/v2\/pages"}],"about":[{"href":"http:\/\/mix-formation.fr\/index.php\/wp-json\/wp\/v2\/types\/page"}],"author":[{"embeddable":true,"href":"http:\/\/mix-formation.fr\/index.php\/wp-json\/wp\/v2\/users\/1"}],"replies":[{"embeddable":true,"href":"http:\/\/mix-formation.fr\/index.php\/wp-json\/wp\/v2\/comments?post=1287"}],"version-history":[{"count":2,"href":"http:\/\/mix-formation.fr\/index.php\/wp-json\/wp\/v2\/pages\/1287\/revisions"}],"predecessor-version":[{"id":1289,"href":"http:\/\/mix-formation.fr\/index.php\/wp-json\/wp\/v2\/pages\/1287\/revisions\/1289"}],"wp:attachment":[{"href":"http:\/\/mix-formation.fr\/index.php\/wp-json\/wp\/v2\/media?parent=1287"}],"curies":[{"name":"wp","href":"https:\/\/api.w.org\/{rel}","templated":true}]}}