{"id":10,"date":"2014-09-10T08:16:36","date_gmt":"2014-09-10T07:16:36","guid":{"rendered":"http:\/\/localhost\/wordpress7\/?page_id=10"},"modified":"2025-12-02T15:01:05","modified_gmt":"2025-12-02T14:01:05","slug":"home-1-parallax-background","status":"publish","type":"page","link":"http:\/\/mix-formation.fr\/","title":{"rendered":"PREVHYSE Formation"},"content":{"rendered":"<div class=\"wpb-content-wrapper\"><div itemprop = 'articleBody'><p>[vc_row][vc_column][\/vc_column][vc_column_text][\/vc_column_text][\/vc_row][vc_row row_id=&#8221;presentation&#8221; use_container=&#8221;yes&#8221; css=&#8221;.vc_custom_1466159228825{padding-top: 60px !important;padding-bottom: 60px !important;}&#8221; el_class=&#8221;wow flipInX&#8221;][vc_column][vc_column_text css=&#8221;.vc_custom_1756306445001{margin-bottom: 30px !important;}&#8221; el_class=&#8221;section_title&#8221;]<\/p>\n<h2 style=\"text-align: center;\" align=\"JUSTIFY\"><b>PREVHYSE Formation<br><\/b><\/h2>\n<h3 style=\"text-align: center;\"><small class=''>vous accompagne dans vos d\u00e9marches de pr\u00e9vention <br> et d\u2019am\u00e9lioration des conditions de travail de vos salari\u00e9s. <\/small><\/h3>\n<p>[\/vc_column_text][vc_row_inner content_placement=&#8221;middle&#8221; gap=&#8221;10&#8243; effect=&#8221;flipInX&#8221;][vc_column_inner width=&#8221;1\/2&#8243; css=&#8221;.vc_custom_1466154750851{margin-top: 20px !important;margin-bottom: 20px !important;border-top-width: 20px !important;border-bottom-width: 20px !important;padding-top: 20px !important;padding-bottom: 20px !important;}&#8221;]<div class=\"about-row \">\r\n                        <div class=\"about-icon \">\r\n                            <i class=\"ion-clipboard fa-3x  highlight\"><\/i>\r\n                            <i class=\"ion-clipboard fa-3x  back-icon\"><\/i>\r\n                        <\/div>\r\n                        <div class=\"about-info  \" >\r\n                            <h4>Mes documents ne sont pas \u00e0 jour<br>\r\n                                <small>DUERP, PMS, GBPH, RAB, passeport pr\u00e9vention...<\/small>\r\n                            <\/h4>\r\n                            <p class=\"about-description  \">.<\/p>\r\n                        <\/div>\r\n                    <\/div>\r\n                <div class=\"about-row \">\r\n                        <div class=\"about-icon \">\r\n                            <i class=\"ion-help fa-3x  highlight\"><\/i>\r\n                            <i class=\"ion-help fa-3x  back-icon\"><\/i>\r\n                        <\/div>\r\n                        <div class=\"about-info  \" >\r\n                            <h4>Je ne connais pas la r\u00e9glementation<br>\r\n                                <small>Normes, obligations, habilitations...<\/small>\r\n                            <\/h4>\r\n                            <p class=\"about-description  \"><\/p>\r\n                        <\/div>\r\n                    <\/div>\r\n                [\/vc_column_inner][vc_column_inner width=&#8221;1\/2&#8243; css=&#8221;.vc_custom_1466154811213{margin-top: 20px !important;margin-bottom: 20px !important;border-top-width: 20px !important;border-bottom-width: 20px !important;padding-top: 20px !important;padding-bottom: 20px !important;}&#8221;]<div class=\"about-row \">\r\n                        <div class=\"about-icon \">\r\n                            <i class=\"ion-alert-circled fa-3x  highlight\"><\/i>\r\n                            <i class=\"ion-alert-circled fa-3x  back-icon\"><\/i>\r\n                        <\/div>\r\n                        <div class=\"about-info  \" >\r\n                            <h4>Je veux sensibiliser mes salari\u00e9s<br>\r\n                                <small>AT\/MP, S\u00e9curit\u00e9, hygi\u00e8ne, risques...<\/small>\r\n                            <\/h4>\r\n                            <p class=\"about-description  \">.<\/p>\r\n                        <\/div>\r\n                    <\/div>\r\n                <div class=\"about-row \">\r\n                        <div class=\"about-icon \">\r\n                            <i class=\"ion-settings fa-3x  highlight\"><\/i>\r\n                            <i class=\"ion-settings fa-3x  back-icon\"><\/i>\r\n                        <\/div>\r\n                        <div class=\"about-info  \" >\r\n                            <h4>Je veux am\u00e9liorer les conditions de travail<br>\r\n                                <small>productivit\u00e9, ergonomie, gestes et posture, premiers secours...<\/small>\r\n                            <\/h4>\r\n                            <p class=\"about-description  \"><\/p>\r\n                        <\/div>\r\n                    <\/div>\r\n                [\/vc_column_inner][\/vc_row_inner][vc_column_text][\/vc_column_text][\/vc_column][\/vc_row][vc_row][vc_column][vc_column_text][vc_row][vc_column width=&#8221;1\/1&#8243;][vc_column_text][\/vc_column_text][\/vc_column][\/vc_row][vc_row overlay=&#8221;yes&#8221; css=&#8221;.vc_custom_1466159984485{padding-top: 60px !important;padding-bottom: 60px !important;background-image: url(http:\/\/mix-formation.fr\/wp-content\/uploads\/2014\/09\/1600&#215;9009.gif?id=73) !important;}&#8221; custom_overlay=&#8221;257&#8243;][vc_column effect=&#8221;pulse&#8221; is_slider=&#8221;0&#8243; slide_speed=&#8221;4500&#8243;][st_liquid_slider][st_liquid_testimonial author_name=&#8221;STEPHEN HAWKING&#8221;]<h2><i class='fa fa-quote-left highlight '><\/i> <small class='white'> M\u00eame les gens qui affirment que tout est pr\u00e9destin\u00e9 et que nous ne pouvons rien y changer  <\/small> regardent avant de traverser <i class='fa fa-quote-right highlight '><\/i><\/h2>[\/st_liquid_testimonial][st_liquid_testimonial author_name=&#8221;BILL GATES&#8221;]<h2><i class='fa fa-quote-left highlight '><\/i> <small class='white'>La meilleure des publicit\u00e9s, <\/small> est un client satisfait. <i class='fa fa-quote-right highlight '><\/i><\/h2>[\/st_liquid_testimonial][st_liquid_testimonial author_name=&#8221;ROBERT HALF&#8221;]<h2><i class='fa fa-quote-left highlight '><\/i> <small class='white'>Poser les bonnes questions demande autant de talent <\/small> que de donner les bonnes r\u00e9ponses. <i class='fa fa-quote-right highlight '><\/i><\/h2>[\/st_liquid_testimonial][\/st_liquid_slider][\/vc_column][\/vc_row][vc_row][vc_column][vc_column_text][vc_row][vc_column width=&#8221;1\/1&#8243;][vc_column_text][\/vc_column_text][\/vc_column][\/vc_row][vc_row row_id=&#8221;formation&#8221; css=&#8221;.vc_custom_1410925106672{padding-top: 40px !important;padding-bottom: 40px !important;}&#8221; el_class=&#8221;wow flipInX&#8221;][vc_column width=&#8221;1\/4&#8243;][vc_single_image image=&#8221;1604&#8243; alignment=&#8221;center&#8221; style=&#8221;vc_box_border_circle&#8221; onclick=&#8221;custom_link&#8221; img_link_target=&#8221;_blank&#8221; link=&#8221;https:\/\/www.linkedin.com\/in\/arnaud-voisin-prevhyse\/&#8221;][\/vc_column][\/vc_row][vc_row content_placement=&#8221;middle&#8221;][vc_column][vc_single_image image=&#8221;1556&#8243; img_size=&#8221;full&#8221; onclick=&#8221;custom_link&#8221; img_link_target=&#8221;_blank&#8221; css=&#8221;&#8221; link=&#8221;http:\/\/mix-formation.fr\/wp-content\/uploads\/2024\/10\/PREVHYSE-Certificat-03197-QUALIOPI-POUR-SITE.pdf&#8221;][vc_column_text css=&#8221;.vc_custom_1716302222472{margin-bottom: 20px !important;}&#8221; el_class=&#8221;section_title&#8221;]<\/p>\n<h3 style=\"text-align: center;\" align=\"JUSTIFY\"><b><small class=''><\/b>La certification qualit\u00e9 a \u00e9t\u00e9 d\u00e9livr\u00e9e au titre de la cat\u00e9gorie &#8220;Actions de formation&#8221;<b> <\/small><\/b><\/h3>\n<p>[\/vc_column_text][\/vc_column][vc_column][\/vc_column][\/vc_row][vc_row][vc_column][\/vc_column][\/vc_row][vc_row][vc_column][vc_column_text][vc_row][vc_column width=&#8221;1\/1&#8243;][vc_column_text][\/vc_column_text][\/vc_column][\/vc_row][vc_row content_placement=&#8221;middle&#8221;][vc_column width=&#8221;1\/3&#8243;][vc_single_image image=&#8221;1591&#8243; img_size=&#8221;full&#8221; alignment=&#8221;center&#8221; style=&#8221;vc_box_border&#8221; onclick=&#8221;custom_link&#8221; img_link_target=&#8221;_blank&#8221; link=&#8221;http:\/\/mix-formation.fr\/index.php\/formation-sst\/&#8221;][\/vc_column][vc_column width=&#8221;1\/3&#8243;][vc_single_image image=&#8221;1590&#8243; img_size=&#8221;Full&#8221; alignment=&#8221;center&#8221; style=&#8221;vc_box_border&#8221; onclick=&#8221;custom_link&#8221; img_link_target=&#8221;_blank&#8221; link=&#8221;http:\/\/mix-formation.fr\/index.php\/formation-prap-ibc-2s\/&#8221;][\/vc_column][vc_column width=&#8221;1\/3&#8243;][vc_single_image image=&#8221;1828&#8243; img_size=&#8221;full&#8221; alignment=&#8221;center&#8221; style=&#8221;vc_box_border&#8221; onclick=&#8221;custom_link&#8221; img_link_target=&#8221;_blank&#8221; css=&#8221;&#8221; link=&#8221;http:\/\/mix-formation.fr\/index.php\/formation-cse\/&#8221;][\/vc_column][\/vc_row][vc_row content_placement=&#8221;middle&#8221;][vc_column width=&#8221;1\/3&#8243;][vc_single_image image=&#8221;1587&#8243; img_size=&#8221;full&#8221; alignment=&#8221;center&#8221; style=&#8221;vc_box_border&#8221; onclick=&#8221;custom_link&#8221; img_link_target=&#8221;_blank&#8221; link=&#8221;http:\/\/mix-formation.fr\/index.php\/formation-duerp\/&#8221;][\/vc_column][vc_column width=&#8221;1\/3&#8243;][vc_single_image image=&#8221;1586&#8243; img_size=&#8221;full&#8221; alignment=&#8221;center&#8221; style=&#8221;vc_box_border&#8221; onclick=&#8221;custom_link&#8221; img_link_target=&#8221;_blank&#8221; link=&#8221;http:\/\/mix-formation.fr\/index.php\/formation-arbre-des-causes\/&#8221;][\/vc_column][vc_column width=&#8221;1\/3&#8243;][vc_single_image image=&#8221;1849&#8243; img_size=&#8221;full&#8221; alignment=&#8221;right&#8221; style=&#8221;vc_box_border&#8221; onclick=&#8221;custom_link&#8221; img_link_target=&#8221;_blank&#8221; css=&#8221;&#8221; link=&#8221;http:\/\/mix-formation.fr\/index.php\/formation-RHSAS&#8221;][\/vc_column][\/vc_row][vc_row content_placement=&#8221;middle&#8221;][vc_column width=&#8221;1\/3&#8243;][vc_single_image image=&#8221;1684&#8243; img_size=&#8221;full&#8221; add_caption=&#8221;yes&#8221; style=&#8221;vc_box_border&#8221; onclick=&#8221;custom_link&#8221; img_link_target=&#8221;_blank&#8221; link=&#8221;http:\/\/mix-formation.fr\/index.php\/formations-compta\/&#8221;][\/vc_column][vc_column width=&#8221;1\/3&#8243;][vc_single_image image=&#8221;1585&#8243; img_size=&#8221;full&#8221; alignment=&#8221;center&#8221; style=&#8221;vc_box_border&#8221; onclick=&#8221;custom_link&#8221; img_link_target=&#8221;_blank&#8221; link=&#8221;http:\/\/mix-formation.fr\/index.php\/formation-entretien-piscine\/&#8221;][\/vc_column][vc_column width=&#8221;1\/3&#8243;][\/vc_column][\/vc_row][vc_row row_id=&#8221;about&#8221;][vc_column][vc_column_text css=&#8221;.vc_custom_1466154061085{margin-top: 20px !important;margin-right: 20px !important;margin-bottom: 20px !important;margin-left: 20px !important;border-top-width: 20px !important;border-right-width: 20px !important;border-bottom-width: 20px !important;border-left-width: 20px !important;padding-top: 20px !important;padding-right: 20px !important;padding-bottom: 20px !important;padding-left: 20px !important;}&#8221; el_class=&#8221;section_title&#8221;]<\/p>\n<h3 style=\"color: #121212; text-align: center;\"><small class=''>&#8220;Le plus grand int\u00e9r\u00eat de la formation n\u2019est pas <strong>d\u2019apprendre<\/strong> mais de faire <strong>mieux<\/strong> ce qu\u2019on fait d\u00e9j\u00e0 bien&#8221;  <\/small><\/h3>\n<h4 style=\"text-align: right;\">Peter Drucker<\/h4>\n<p>[\/vc_column_text][\/vc_column][\/vc_row][vc_row row_id=&#8221;duer&#8221; overlay=&#8221;yes&#8221; use_container=&#8221;yes&#8221; css=&#8221;.vc_custom_1466159378132{padding-top: 40px !important;padding-bottom: 40px !important;}&#8221;][vc_column effect=&#8221;pulse&#8221; is_slider=&#8221;0&#8243; slide_speed=&#8221;4500&#8243;][vc_column_text el_class=&#8221;white&#8221;]<\/p>\n<h3 class=\"we-are-info\">Document Unique d\u2019\u00c9valuation des Risques Professionnels (DUERP)<\/h3>\n<h3>Loi :<\/h3>\n<p align=\"JUSTIFY\"><strong>Obligation de l\u2019employeur\u00a0:<\/strong> &#8220;Tout employeur est tenu, en vertu de l\u2019obligation g\u00e9n\u00e9rale de s\u00e9curit\u00e9 qui lui incombe, d\u2019\u00e9valuer les risques \u00e9ventuels et de prendre toutes les mesures n\u00e9cessaires pour assurer la s\u00e9curit\u00e9 et prot\u00e9ger la sant\u00e9 des salari\u00e9s de son entreprise&#8221;.<\/p>\n<p align=\"RIGHT\"><b>d\u00e9cret n\u00b02001-1016 du 5 novembre 2001<\/b><\/p>\n<p align=\"JUSTIFY\">L\u2019absence ou l\u2019insuffisance du Document Unique \u00e9tablit automatiquement la faute inexcusable de l\u2019employeur.<\/p>\n<p align=\"JUSTIFY\">&#8220;L&#8217;employeur est tenu de conserver dor\u00e9navant le DUERP, dans ses versions successives, durant 40 ans afin d\u2019assurer la tra\u00e7abilit\u00e9 des expositions. A compter du 1er juillet 2023 pour les entreprises d\u2019au moins 150 salari\u00e9s, le DUERP et ses mises \u00e0 jour devront \u00eatre d\u00e9pos\u00e9s sur un portail num\u00e9rique, g\u00e9r\u00e9 par les organisations patronales. La d\u00e9mat\u00e9rialisation facilite ainsi la possibilit\u00e9 de consultation donn\u00e9e par la loi \u00e0 tous les anciens travailleurs ainsi que toute personne ou instance pouvant justifier d\u2019un int\u00e9r\u00eat \u00e0 y avoir acc\u00e8s (article L.4121-3-1, V,A). Le portail devra garantir la confidentialit\u00e9 des informations du DUER et pr\u00e9voir une proc\u00e9dure d\u2019acc\u00e8s s\u00e9curis\u00e9e r\u00e9serv\u00e9e aux personnes habilit\u00e9es par la loi \u00e0 consulter le document. Pour les entreprises d\u2019au moins 50 salari\u00e9s, le programme de pr\u00e9ventions des risques devra non seulement, comme \u00e0 l\u2019heure actuelle, fixer la liste annuelle d\u00e9taill\u00e9e des mesures de pr\u00e9vention \u00e0 prendre mais \u00e9galement en d\u00e9terminer le calendrier de mise en \u0153uvre, avec indicateur de r\u00e9sultat.&#8221;.<\/p>\n<p align=\"RIGHT\"><b>Loi n\u00b0 2021-1018 du 2 ao\u00fbt 2021, JO 3 ao\u00fbt<\/b><\/p>\n<p align=\"JUSTIFY\"><strong>Risques financiers\u00a0:<\/strong> L\u2019absence de document unique, en cas de contr\u00f4le de l\u2019inspection du travail, peut-\u00eatre sanctionn\u00e9 de 1500 euros d\u2019amende par unit\u00e9 de travail et de 3000 euros par unit\u00e9 de travail en cas de r\u00e9cidive. De plus, l\u2019employeur peut \u00eatre condamn\u00e9 pour d\u00e9lit d\u2019entrave si le document unique n\u2019est pas \u00e0 la disposition des repr\u00e9sentants du personnel.<\/p>\n<p align=\"RIGHT\"><b>Article R4121 du code du travail<\/b><\/p>\n<p align=\"JUSTIFY\">Si la faute inexcusable de l\u2019employeur est retenue, les sanctions financi\u00e8res seront plus lourdes :<\/p>\n<p align=\"JUSTIFY\">\u2022 Versement par l\u2019entreprise d\u2019un capital ou d\u2019une rente,<\/p>\n<p align=\"JUSTIFY\">\u2022 Paiement de dommages-int\u00e9r\u00eats en r\u00e9paration du pr\u00e9judice par l\u2019employeur sur son patrimoine personnel.<\/p>\n<p align=\"JUSTIFY\">Suivant le Code P\u00e9nal, le chef d\u2019entreprise peut \u00eatre \u00e9galement condamn\u00e9 \u00e0 1 an d\u2019emprisonnement et 15 000 \u20ac d\u2019amende (le triple en cas d\u2019incapacit\u00e9 de travail sup\u00e9rieure \u00e0 3 mois).<\/p>\n<p align=\"JUSTIFY\">Quant \u00e0 l\u2019entreprise, elle peut \u00eatre condamn\u00e9e \u00e0 verser 75 000 \u20ac d\u2019amende assortis de peines compl\u00e9mentaires (225 000 \u20ac d\u2019amende en cas d\u2019incapacit\u00e9 de travail sup\u00e9rieure \u00e0 3 mois).<\/p>\n<p align=\"JUSTIFY\"><a name=\"_GoBack\"><\/a><strong>Impact sur les cotisations\u00a0: <\/strong>La Caisse r\u00e9gionale (Carsat, Cramif, CGSS) peut accorder une r\u00e9duction aux \u00e9tablissements qui ont accompli un effort soutenu en mati\u00e8re de pr\u00e9vention et ont pris des mesures susceptibles de diminuer la fr\u00e9quence et la gravit\u00e9 des accidents du travail et des maladies professionnelles.<\/p>\n<p>Le pourcentage de la r\u00e9duction de taux ne peut d\u00e9passer 25 % du taux de la cotisation pour les \u00e9tablissements soumis au taux collectif ou 25 % sur la fraction du taux collectif entrant dans le calcul du taux net pour les \u00e9tablissements soumis au taux mixte.[\/vc_column_text]\r\n                <p class='skill-name'><em>Entreprises pensant \u00eatre en r\u00e8gle<\/em><\/p>\r\n                <div class='skillbar' data-percent='80%'>\r\n                    <div class=\"skillbar-title\"><span>80%<\/span><\/div>\r\n                    <div class=\"skillbar-bar\"><\/div>\r\n                <\/div>\r\n            \r\n                <p class='skill-name'><em>Entreprises ayant un DUERP<\/em><\/p>\r\n                <div class='skillbar' data-percent='67%'>\r\n                    <div class=\"skillbar-title\"><span>67%<\/span><\/div>\r\n                    <div class=\"skillbar-bar\"><\/div>\r\n                <\/div>\r\n            \r\n                <p class='skill-name'><em>Entreprises \u00e0 qui on a demand\u00e9 le DUERP<\/em><\/p>\r\n                <div class='skillbar' data-percent='48%'>\r\n                    <div class=\"skillbar-title\"><span>48%<\/span><\/div>\r\n                    <div class=\"skillbar-bar\"><\/div>\r\n                <\/div>\r\n            \r\n                <p class='skill-name'><em>Entreprises ne connaissant pas le DUERP<\/em><\/p>\r\n                <div class='skillbar' data-percent='18%'>\r\n                    <div class=\"skillbar-title\"><span>18%<\/span><\/div>\r\n                    <div class=\"skillbar-bar\"><\/div>\r\n                <\/div>\r\n            \r\n                <p class='skill-name'><em>Entreprises n\u2019ayant pas le temps de cr\u00e9er le DUERP<\/em><\/p>\r\n                <div class='skillbar' data-percent='15%'>\r\n                    <div class=\"skillbar-title\"><span>15%<\/span><\/div>\r\n                    <div class=\"skillbar-bar\"><\/div>\r\n                <\/div>\r\n            [\/vc_column][\/vc_row][vc_row overlay=&#8221;yes&#8221; custom_overlay=&#8221;279&#8243;][vc_column][vc_single_image image=&#8221;285&#8243; img_size=&#8221;full&#8221; alignment=&#8221;center&#8221; css=&#8221;.vc_custom_1467813770902{border-top-width: 20px !important;padding-top: 30px !important;}&#8221;][\/vc_column][\/vc_row][vc_row row_id=&#8221;contact_box&#8221; css=&#8221;.vc_custom_1466159510452{padding-top: 30px !important;padding-bottom: 30px !important;}&#8221;][vc_column effect=&#8221;flipInX&#8221; is_slider=&#8221;0&#8243; slide_speed=&#8221;4500&#8243;][\/vc_column][\/vc_row][vc_row][vc_column][vc_column_text css=&#8221;.vc_custom_1466157253209{margin-bottom: 30px !important;}&#8221;]<\/p>\n<h2 style=\"text-align: center;\"><small class=''>Contactez-nous <\/small><\/h2>\n<p>[\/vc_column_text][\/vc_column][\/vc_row][vc_row][vc_column][vc_column_text css=&#8221;&#8221;]\n<div class=\"wpcf7 no-js\" id=\"wpcf7-f5-o1\" lang=\"fr-FR\" dir=\"ltr\" data-wpcf7-id=\"5\">\n<div class=\"screen-reader-response\"><p role=\"status\" aria-live=\"polite\" aria-atomic=\"true\"><\/p> <ul><\/ul><\/div>\n<form action=\"\/index.php\/wp-json\/wp\/v2\/pages\/10#wpcf7-f5-o1\" method=\"post\" class=\"wpcf7-form init\" aria-label=\"Formulaire de contact\" novalidate=\"novalidate\" data-status=\"init\">\n<fieldset class=\"hidden-fields-container\"><input type=\"hidden\" name=\"_wpcf7\" value=\"5\" \/><input type=\"hidden\" name=\"_wpcf7_version\" value=\"6.1.5\" \/><input type=\"hidden\" name=\"_wpcf7_locale\" value=\"fr_FR\" \/><input type=\"hidden\" name=\"_wpcf7_unit_tag\" value=\"wpcf7-f5-o1\" \/><input type=\"hidden\" name=\"_wpcf7_container_post\" value=\"0\" \/><input type=\"hidden\" name=\"_wpcf7_posted_data_hash\" value=\"\" \/><input type=\"hidden\" name=\"_wpcf7_recaptcha_response\" value=\"\" \/>\n<\/fieldset>\n<p> Votre nom et pr\u00e9nom\n<\/p>\n<p><span class=\"wpcf7-form-control-wrap\" data-name=\"your-name\"><input size=\"40\" maxlength=\"400\" class=\"wpcf7-form-control wpcf7-text wpcf7-validates-as-required\" aria-required=\"true\" aria-invalid=\"false\" value=\"\" type=\"text\" name=\"your-name\" \/><\/span>\n<\/p>\n<p> Votre entreprise \/ collectivit\u00e9\n<\/p>\n<p><span class=\"wpcf7-form-control-wrap\" data-name=\"your-ent\"><input size=\"40\" maxlength=\"400\" class=\"wpcf7-form-control wpcf7-text wpcf7-validates-as-required\" aria-required=\"true\" aria-invalid=\"false\" value=\"\" type=\"text\" name=\"your-ent\" \/><\/span>\n<\/p>\n<p> Votre email\n<\/p>\n<p><span class=\"wpcf7-form-control-wrap\" data-name=\"your-email\"><input size=\"40\" maxlength=\"400\" class=\"wpcf7-form-control wpcf7-email wpcf7-validates-as-required wpcf7-text wpcf7-validates-as-email\" aria-required=\"true\" aria-invalid=\"false\" value=\"\" type=\"email\" name=\"your-email\" \/><\/span>\n<\/p>\n<p> Sujet\n<\/p>\n<p><span class=\"wpcf7-form-control-wrap\" data-name=\"your-subject\"><input size=\"40\" maxlength=\"400\" class=\"wpcf7-form-control wpcf7-text\" aria-invalid=\"false\" value=\"\" type=\"text\" name=\"your-subject\" \/><\/span>\n<\/p>\n<p> Votre message\n<\/p>\n<p><span class=\"wpcf7-form-control-wrap\" data-name=\"your-message\"><textarea cols=\"40\" rows=\"10\" maxlength=\"2000\" class=\"wpcf7-form-control wpcf7-textarea\" aria-invalid=\"false\" name=\"your-message\"><\/textarea><\/span>\n<\/p>\n<p><input class=\"wpcf7-form-control wpcf7-submit has-spinner\" type=\"submit\" value=\"Envoyer\" \/>\n<\/p><p style=\"display: none !important;\" class=\"akismet-fields-container\" data-prefix=\"_wpcf7_ak_\"><label>&#916;<textarea name=\"_wpcf7_ak_hp_textarea\" cols=\"45\" rows=\"8\" maxlength=\"100\"><\/textarea><\/label><input type=\"hidden\" id=\"ak_js_1\" name=\"_wpcf7_ak_js\" value=\"153\"\/><script>document.getElementById( \"ak_js_1\" ).setAttribute( \"value\", ( new Date() ).getTime() );<\/script><\/p><div class=\"wpcf7-response-output\" aria-hidden=\"true\"><\/div>\n<\/form>\n<\/div>\n[\/vc_column_text][\/vc_column][\/vc_row][vc_row][vc_column][vc_column_text][\/vc_column_text][\/vc_column][\/vc_row]<\/p>\n<\/div><\/div>","protected":false},"excerpt":{"rendered":"<p>[vc_row][vc_column][\/vc_column][vc_column_text][\/vc_column_text][\/vc_row][vc_row row_id=&#8221;presentation&#8221; use_container=&#8221;yes&#8221; css=&#8221;.vc_custom_1466159228825{padding-top: 60px !important;padding-bottom: 60px !important;}&#8221; el_class=&#8221;wow flipInX&#8221;][vc_column][vc_column_text css=&#8221;.vc_custom_1756306445001{margin-bottom: 30px !important;}&#8221; el_class=&#8221;section_title&#8221;] PREVHYSE Formation [\/vc_column_text][vc_row_inner content_placement=&#8221;middle&#8221; gap=&#8221;10&#8243; effect=&#8221;flipInX&#8221;][vc_column_inner width=&#8221;1\/2&#8243; css=&#8221;.vc_custom_1466154750851{margin-top: 20px !important;margin-bottom: 20px !important;border-top-width: 20px !important;border-bottom-width: 20px !important;padding-top: 20px !important;padding-bottom: 20px !important;}&#8221;][\/vc_column_inner][vc_column_inner width=&#8221;1\/2&#8243; css=&#8221;.vc_custom_1466154811213{margin-top: 20px !important;margin-bottom: 20px !important;border-top-width: 20px !important;border-bottom-width: 20px !important;padding-top: 20px !important;padding-bottom: 20px !important;}&#8221;][\/vc_column_inner][\/vc_row_inner][vc_column_text][\/vc_column_text][\/vc_column][\/vc_row][vc_row][vc_column][vc_column_text][vc_row][vc_column width=&#8221;1\/1&#8243;][vc_column_text][\/vc_column_text][\/vc_column][\/vc_row][vc_row overlay=&#8221;yes&#8221; css=&#8221;.vc_custom_1466159984485{padding-top: 60px !important;padding-bottom: 60px !important;background-image: [&hellip;]<\/p>\n","protected":false},"author":1,"featured_media":0,"parent":0,"menu_order":0,"comment_status":"closed","ping_status":"closed","template":"template-home.php","meta":{"footnotes":""},"class_list":["post-10","page","type-page","status-publish","hentry"],"_links":{"self":[{"href":"http:\/\/mix-formation.fr\/index.php\/wp-json\/wp\/v2\/pages\/10","targetHints":{"allow":["GET"]}}],"collection":[{"href":"http:\/\/mix-formation.fr\/index.php\/wp-json\/wp\/v2\/pages"}],"about":[{"href":"http:\/\/mix-formation.fr\/index.php\/wp-json\/wp\/v2\/types\/page"}],"author":[{"embeddable":true,"href":"http:\/\/mix-formation.fr\/index.php\/wp-json\/wp\/v2\/users\/1"}],"replies":[{"embeddable":true,"href":"http:\/\/mix-formation.fr\/index.php\/wp-json\/wp\/v2\/comments?post=10"}],"version-history":[{"count":118,"href":"http:\/\/mix-formation.fr\/index.php\/wp-json\/wp\/v2\/pages\/10\/revisions"}],"predecessor-version":[{"id":1868,"href":"http:\/\/mix-formation.fr\/index.php\/wp-json\/wp\/v2\/pages\/10\/revisions\/1868"}],"wp:attachment":[{"href":"http:\/\/mix-formation.fr\/index.php\/wp-json\/wp\/v2\/media?parent=10"}],"curies":[{"name":"wp","href":"https:\/\/api.w.org\/{rel}","templated":true}]}}